{"id":129,"date":"2015-06-16T11:06:12","date_gmt":"2015-06-16T09:06:12","guid":{"rendered":"http:\/\/autoecolefred.fr\/?page_id=129"},"modified":"2026-04-10T11:49:03","modified_gmt":"2026-04-10T09:49:03","slug":"tarifs-2","status":"publish","type":"page","link":"http:\/\/autoecolefred.fr\/?page_id=129","title":{"rendered":"Tarifs"},"content":{"rendered":"<p><span style=\"text-decoration: underline; font-size: 14pt;\"><strong>Permis\u00a0B :<\/strong><\/span><\/p>\n<p><strong>Formation au Code de la Route: 250\u20ac<\/strong><br \/>\n&#8211;\u00a0Evaluation<br \/>\n&#8211; Inscription et d\u00e9marches administratives<br \/>\n&#8211; Kit p\u00e9dagogique (livre de code, livret d&rsquo;apprentissage&#8230;)<br \/>\n&#8211; Cours de code illimit\u00e9s (valable 1 an)<\/p>\n<p><strong>FORFAIT CONDUITE*:\u00a0<\/strong><br \/>\n&#8211; 20 le\u00e7ons de conduite <span style=\"font-size: 10pt;\"><em>(minimum r\u00e9glementaire)<\/em><\/span>: 1100\u20ac<br \/>\n&#8211; 1 accompagnement \u00e0 l&rsquo;examen du permis B : 50\u20ac<br \/>\n<em>1 disque A offert\u00a0<\/em><\/p>\n<p><em>*tarif si vous avez fait la formation au code au sein de notre auto-\u00e9cole (sinon contactez-nous pour connaitre nos tarifs)<\/em><\/p>\n<p>&#8212;&#8212;&#8212;&#8212;&#8212;&#8212;&#8212;&#8212;&#8212;&#8212;&#8212;&#8212;&#8212;&#8212;&#8212;&#8212;&#8212;&#8212;&#8212;&#8212;&#8212;&#8212;&#8212;&#8212;&#8212;&#8212;&#8212;&#8212;&#8212;&#8212;<\/p>\n<p><span style=\"text-decoration: underline;\"><span style=\"font-size: 14pt;\"><strong>Le\u00a0permis\u00a0B \u00ab\u00a0Bo\u00eete automatique\u00a0\u00bb<\/strong><\/span><\/span><\/p>\n<p><strong>Formation au Code de la Route: 250\u20ac<\/strong><br \/>\n&#8211; Evaluation<br \/>\n-Inscription et d\u00e9marches administratives<br \/>\n&#8211; Kit p\u00e9dagogique (livre de code, livret d&rsquo;apprentissage&#8230;)<br \/>\n&#8211; Cours de code illimit\u00e9s (valable 1 an)<\/p>\n<p><span style=\"text-decoration: underline;\"><strong>FORFAIT CONDUITE*<\/strong><\/span><strong>: <span style=\"font-size: 10pt;\"><em>\u00a0<\/em><\/span><\/strong><br \/>\n-13 le\u00e7ons de conduite: 715\u20ac<br \/>\n-l&rsquo;accompagnement \u00e0 l&rsquo;examen du permis Bo\u00eete Automatique: 55\u20ac<br \/>\n<em>1 disque A offert<\/em><\/p>\n<p><em>*tarif valable si vous avez fait la formation au code au sein de notre auto-\u00e9cole (sinon contactez-nous pour connaitre nos tarifs)<\/em><\/p>\n<p>&#8212;&#8212;&#8212;&#8212;&#8212;&#8212;&#8212;&#8212;&#8212;&#8212;&#8212;&#8212;&#8212;&#8212;&#8212;&#8212;&#8212;&#8212;&#8212;&#8212;&#8212;&#8212;&#8212;&#8212;&#8212;&#8212;&#8212;&#8212;&#8212;&#8212;&#8212;-<\/p>\n<p><span style=\"text-decoration: underline;\"><span style=\"font-size: 14pt;\"><strong>Apprentissage Anticip\u00e9e de la Conduite (A.A.C):<\/strong><\/span><\/span><\/p>\n<p><span style=\"font-size: 14pt;\"><em>D\u00e9but de formation:<\/em><\/span><\/p>\n<p><strong>Formation au Code de la Route: 250\u20ac<\/strong><br \/>\n&#8211;\u00a0Evaluation<br \/>\n&#8211; Inscription et d\u00e9marches administratives<br \/>\n&#8211; Kit p\u00e9dagogique (livre de code, livret d&rsquo;apprentissage&#8230;)<br \/>\n&#8211; Cours de code illimit\u00e9s (valable 1 an)<\/p>\n<p><strong>FORFAIT CONDUITE*: 1155\u20ac<\/strong><br \/>\n&#8211; 20 le\u00e7ons de conduite:<br \/>\n&#8211; 1 Rendez-vous Pr\u00e9alable<\/p>\n<p><span style=\"font-size: 14pt;\"><em>Fin de formation: <span style=\"font-size: 12pt;\"><strong>170\u20ac<\/strong><\/span><\/em><\/span><br \/>\n&#8211; 2 Rendez-Vous P\u00e9dagogiques<br \/>\n&#8211; 1 accompagnement \u00e0 l&rsquo;examen du permis B<br \/>\n<em>1 disque A et 1 \u00e9thylotest offerts<\/em><\/p>\n<p><span style=\"font-size: 8pt;\">*\u00a0<em>tarif \u00a0valable<\/em>\u00a0<em>si vous avez<\/em>\u00a0<em>fait la formation au<\/em>\u00a0<em>code au sein de notre auto-\u00e9cole (sinon contactez-nous pour conna\u00eftre les tarifs)<\/em><\/span><\/p>\n<p>&#8212;&#8212;&#8212;&#8212;&#8212;&#8212;&#8212;&#8212;&#8212;&#8212;&#8212;&#8212;&#8212;&#8212;&#8212;&#8212;&#8212;&#8212;&#8212;&#8212;&#8212;&#8212;&#8212;&#8212;&#8212;&#8212;&#8212;&#8212;&#8212;&#8212;&#8212;&#8211;<\/p>\n<p><span style=\"text-decoration: underline;\"><span style=\"font-size: 14pt;\"><strong>Apprentissage Anticip\u00e9e de la Conduite (A.A.C) en boite automatique:<\/strong><\/span><\/span><\/p>\n<p><span style=\"font-size: 14pt;\"><em>D\u00e9but de formation:<\/em><\/span><\/p>\n<p><strong>Formation au Code de la Route: 250\u20ac<\/strong><br \/>\n&#8211;\u00a0Evaluation<br \/>\n&#8211; Inscription et d\u00e9marches administratives<br \/>\n&#8211; Kit p\u00e9dagogique (livre de code, livret d&rsquo;apprentissage&#8230;)<br \/>\n&#8211; Cours de code illimit\u00e9s (valable 1 an)<\/p>\n<p><strong>FORFAIT CONDUITE*: 770\u20ac<\/strong><br \/>\n&#8211; 13 le\u00e7ons de conduite:<br \/>\n&#8211; 1 Rendez-vous Pr\u00e9alable<\/p>\n<p><span style=\"font-size: 14pt;\"><em>Fin de formation: <span style=\"font-size: 12pt;\"><strong>170\u20ac<\/strong><\/span><\/em><\/span><br \/>\n&#8211; 2 Rendez-Vous P\u00e9dagogiques<br \/>\n&#8211; 1 accompagnement \u00e0 l&rsquo;examen du permis B<br \/>\n<em>1 disque A et 1 \u00e9thylotest offerts<\/em><br \/>\n<span style=\"font-size: 8pt;\">*tarif valable si vous avez fait la formation au code au sein de notre auto-\u00e9cole (sinon contactez-nous pour connaitre nos tarifs)<\/span><\/p>\n<hr \/>\n<p><span style=\"text-decoration: underline;\"><strong>FORMATION PERMIS BOITE AUTOMATIQUE VERS LA BOITE MANUELLE<\/strong><\/span><\/p>\n<p>&#8211; 7 le\u00e7ons de conduite: 420\u20ac<br \/>\n&#8211; D\u00e9marches administratives: 35\u20ac<\/p>\n<hr \/>\n<p><em><strong>Vous avez d\u00e9j\u00e0 votre code en poche? N&rsquo;h\u00e9sitez pas \u00e0 nous contacter pour conna\u00eetre nos tarifs et les modalit\u00e9s d&rsquo;inscription<\/strong><\/em><\/p>\n<p><span style=\"text-decoration: underline;\"><span style=\"font-size: 14pt; line-height: 16px;\">Tarifs unitaires<\/span><\/span><\/p>\n<p>1 le\u00e7on de conduite en boite manuelle hors forfait: 60\u20ac \/ 1 le\u00e7on de conduite voiture bo\u00eete automatique hors forfait: 60\u20ac \/<\/p>\n<p>1 Rendez-vous p\u00e9dagogique en boite manuelle: 60\u20ac \/ 1 Rendez-vous p\u00e9dagogique en boite automatique: 60\u20ac<\/p>\n<p>1 Rendez-vous pour la conduite supervis\u00e9e en boite manuelle: 60\u20ac \/ 1 Rendez-vous pour la conduite supervis\u00e9e en boite automatique: 60\u20ac<\/p>\n<p>1 Rendez-vous pr\u00e9alable en boite manuelle: 55\u20ac \/ 1 Rendez-vous pr\u00e9alable en boite automatique: 55\u20ac \/accompagnement \u00e0 l&rsquo;examen du code: 50\u20ac \/ 1 accompagnement \u00e0 l&rsquo;examen du permis B: 50\u20ac \/ 1 accompagnement \u00e0 l&rsquo;examen du permis B Boite automatique: 55\u20ac \/ Inscription \u00e0 l&rsquo;examen du code: 30\u20ac \/ Code sur Internet: 30\u20ac (valable 6 mois)<\/p>\n<p style=\"text-align: center;\"><span style=\"font-size: 10pt; color: #3366ff;\"><strong>L&rsquo;auto-\u00e9cole Fred est labelis\u00e9e:<\/strong><\/span><\/p>\n<p><a href=\"http:\/\/autoecolefred.fr\/wp-content\/uploads\/2023\/02\/saint-rom-label.png\" data-rel=\"lightbox-image-0\" data-rl_title=\"\" data-rl_caption=\"\" title=\"\"><img decoding=\"async\" loading=\"lazy\" class=\"aligncenter  wp-image-1349\" src=\"http:\/\/autoecolefred.fr\/wp-content\/uploads\/2023\/02\/saint-rom-label.png\" alt=\"\" width=\"62\" height=\"62\" srcset=\"http:\/\/autoecolefred.fr\/wp-content\/uploads\/2023\/02\/saint-rom-label.png 250w, http:\/\/autoecolefred.fr\/wp-content\/uploads\/2023\/02\/saint-rom-label-150x150.png 150w, http:\/\/autoecolefred.fr\/wp-content\/uploads\/2023\/02\/saint-rom-label-80x80.png 80w\" sizes=\"(max-width: 62px) 100vw, 62px\" \/><\/a><\/p>\n<p style=\"text-align: center;\"><span style=\"font-size: 10pt; color: #3366ff;\"><strong>=&gt; Permis \u00e0 1\u20ac\/jour<\/strong><\/span><\/p>\n<p style=\"text-align: center;\"><span style=\"font-size: 10pt; color: #3366ff;\"><strong>=&gt; Garantie financi\u00e8re<\/strong><\/span><\/p>\n","protected":false},"excerpt":{"rendered":"<p>Permis\u00a0B : Formation au Code de la Route: 250\u20ac &#8211;\u00a0Evaluation &#8211; Inscription et d\u00e9marches administratives &#8211; Kit p\u00e9dagogique (livre de code, livret d&rsquo;apprentissage&#8230;) &#8211; Cours de code illimit\u00e9s (valable 1 an) FORFAIT CONDUITE*:\u00a0 &#8211; 20 le\u00e7ons de conduite (minimum r\u00e9glementaire): 1100\u20ac &#8211; 1 accompagnement \u00e0 l&rsquo;examen du permis B :&#46;&#46;&#46;<\/p>\n","protected":false},"author":1,"featured_media":0,"parent":0,"menu_order":0,"comment_status":"open","ping_status":"closed","template":"","meta":[],"_links":{"self":[{"href":"http:\/\/autoecolefred.fr\/index.php?rest_route=\/wp\/v2\/pages\/129"}],"collection":[{"href":"http:\/\/autoecolefred.fr\/index.php?rest_route=\/wp\/v2\/pages"}],"about":[{"href":"http:\/\/autoecolefred.fr\/index.php?rest_route=\/wp\/v2\/types\/page"}],"author":[{"embeddable":true,"href":"http:\/\/autoecolefred.fr\/index.php?rest_route=\/wp\/v2\/users\/1"}],"replies":[{"embeddable":true,"href":"http:\/\/autoecolefred.fr\/index.php?rest_route=%2Fwp%2Fv2%2Fcomments&post=129"}],"version-history":[{"count":35,"href":"http:\/\/autoecolefred.fr\/index.php?rest_route=\/wp\/v2\/pages\/129\/revisions"}],"predecessor-version":[{"id":1835,"href":"http:\/\/autoecolefred.fr\/index.php?rest_route=\/wp\/v2\/pages\/129\/revisions\/1835"}],"wp:attachment":[{"href":"http:\/\/autoecolefred.fr\/index.php?rest_route=%2Fwp%2Fv2%2Fmedia&parent=129"}],"curies":[{"name":"wp","href":"https:\/\/api.w.org\/{rel}","templated":true}]}}