{"id":142,"date":"2015-06-17T16:54:37","date_gmt":"2015-06-17T14:54:37","guid":{"rendered":"http:\/\/autoecolefred.fr\/?page_id=142"},"modified":"2024-09-24T15:18:29","modified_gmt":"2024-09-24T13:18:29","slug":"permis-b","status":"publish","type":"page","link":"http:\/\/autoecolefred.fr\/?page_id=142","title":{"rendered":"Le Permis B"},"content":{"rendered":"<p>Avec plus de 1,5 million de candidats par an, le permis B est le 1er examen de France<\/p>\n<p style=\"text-align: justify;\">Il est possible de s&rsquo;inscrire d\u00e8s l&rsquo;\u00e2ge de 16 ans et demi. Apr\u00e8s avoir r\u00e9ussi l&rsquo;examen du code et effectu\u00e9 au minimum 20 heures de conduite, le candidat pourra \u00eatre pr\u00e9sent\u00e9 pour l&rsquo;\u00e9preuve pratique de conduite. (il faut avoir 17 ans pour passer l&rsquo;examen.)<br \/>\n<strong><em>Pour plus de renseignements, n&rsquo;h\u00e9sitez pas \u00e0 nous contacter au 06.21.13.38.00 ou 09.51.19.17.48<\/em><\/strong><\/p>\n<hr \/>\n<p style=\"text-align: justify;\"><em>Suite \u00e0 la r\u00e9forme du permis, nous devons transmettre vos documents par le biais du site Internet \u00ab\u00a0ANTS\u00a0\u00bb vous pouvez donc nous fournir tous les documents par mail \u00e0 =&gt; autoecolefred34@gmail.com<\/em><\/p>\n<p style=\"text-align: justify;\"><strong>Documents \u00e0 fournir lors de l&rsquo;inscription:<\/strong><\/p>\n<ul>\n<li>1 E-photo d&rsquo;identit\u00e9 en cours de validit\u00e9 <a href=\"https:\/\/permisdeconduire.ants.gouv.fr\/services\/geolocaliser-les-photographes-habilites\"><em>https:\/\/permisdeconduire.ants.gouv.fr\/services\/geolocaliser-les-photographes-habilites<\/em><\/a><\/li>\n<li style=\"text-align: justify;\">Photocopie recto-verso de la carte d&rsquo;identit\u00e9 en cours de validit\u00e9 du candidat<\/li>\n<li style=\"text-align: justify;\">Photocopie du livret de famille (candidat mineur)<\/li>\n<li style=\"text-align: justify;\">ASSR2 ou ASR (pour les candidats qui ont moins de 21 ans)<\/li>\n<li style=\"text-align: justify;\">Entre 16 et 17 ans (non r\u00e9volus): attestation de recensement<\/li>\n<li style=\"text-align: justify;\">Entre 17 et 25 ans: certificat de la participation \u00e0 la Journ\u00e9e D\u00e9fense Citoyennet\u00e9 (J.D.C.)<\/li>\n<li style=\"text-align: justify;\">Photocopie d&rsquo;un justificatif de domicile de moins de 6 mois (facture eau, \u00e9lectricit\u00e9, t\u00e9l\u00e9phone)<\/li>\n<li style=\"text-align: justify;\"><strong><em><span style=\"background-color: #ccffcc;\">Si le justificatif de domicile n&rsquo;est pas \u00e0 votre nom<\/span>:<\/em><\/strong> attestation d&rsquo;h\u00e9bergement + photocopie recto-verso de la carte d&rsquo;identit\u00e9 en cours de validit\u00e9 de l&rsquo;h\u00e9bergeur (au m\u00eame nom que le justificatif de domicile)<\/li>\n<li style=\"text-align: justify;\">Photocopie du Permis AM (ancien BSR)<\/li>\n<\/ul>\n<p style=\"text-align: justify;\">\n","protected":false},"excerpt":{"rendered":"<p>Avec plus de 1,5 million de candidats par an, le permis B est le 1er examen de France Il est possible de s&rsquo;inscrire d\u00e8s l&rsquo;\u00e2ge de 16 ans et demi. Apr\u00e8s avoir r\u00e9ussi l&rsquo;examen du code et effectu\u00e9 au minimum 20 heures de conduite, le candidat pourra \u00eatre pr\u00e9sent\u00e9 pour&#46;&#46;&#46;<\/p>\n","protected":false},"author":2,"featured_media":0,"parent":177,"menu_order":0,"comment_status":"open","ping_status":"open","template":"","meta":[],"_links":{"self":[{"href":"http:\/\/autoecolefred.fr\/index.php?rest_route=\/wp\/v2\/pages\/142"}],"collection":[{"href":"http:\/\/autoecolefred.fr\/index.php?rest_route=\/wp\/v2\/pages"}],"about":[{"href":"http:\/\/autoecolefred.fr\/index.php?rest_route=\/wp\/v2\/types\/page"}],"author":[{"embeddable":true,"href":"http:\/\/autoecolefred.fr\/index.php?rest_route=\/wp\/v2\/users\/2"}],"replies":[{"embeddable":true,"href":"http:\/\/autoecolefred.fr\/index.php?rest_route=%2Fwp%2Fv2%2Fcomments&post=142"}],"version-history":[{"count":23,"href":"http:\/\/autoecolefred.fr\/index.php?rest_route=\/wp\/v2\/pages\/142\/revisions"}],"predecessor-version":[{"id":1599,"href":"http:\/\/autoecolefred.fr\/index.php?rest_route=\/wp\/v2\/pages\/142\/revisions\/1599"}],"up":[{"embeddable":true,"href":"http:\/\/autoecolefred.fr\/index.php?rest_route=\/wp\/v2\/pages\/177"}],"wp:attachment":[{"href":"http:\/\/autoecolefred.fr\/index.php?rest_route=%2Fwp%2Fv2%2Fmedia&parent=142"}],"curies":[{"name":"wp","href":"https:\/\/api.w.org\/{rel}","templated":true}]}}

<p>Avec plus de 1,5 million de candidats par an, le permis B est le 1er examen de France</p>
<p style="text-align: justify;">Il est possible de s&rsquo;inscrire dès l&rsquo;âge de 16 ans et demi. Après avoir réussi l&rsquo;examen du code et effectué au minimum 20 heures de conduite, le candidat pourra être présenté pour l&rsquo;épreuve pratique de conduite. (il faut avoir 17 ans pour passer l&rsquo;examen.)<br />
<strong><em>Pour plus de renseignements, n&rsquo;hésitez pas à nous contacter au 06.21.13.38.00 ou 09.51.19.17.48</em></strong></p>
<hr />
<p style="text-align: justify;"><em>Suite à la réforme du permis, nous devons transmettre vos documents par le biais du site Internet « ANTS » vous pouvez donc nous fournir tous les documents par mail à =&gt; autoecolefred34@gmail.com</em></p>
<p style="text-align: justify;"><strong>Documents à fournir lors de l&rsquo;inscription:</strong></p>
<ul>
<li>1 E-photo d&rsquo;identité en cours de validité <a href="https://permisdeconduire.ants.gouv.fr/services/geolocaliser-les-photographes-habilites"><em>https://permisdeconduire.ants.gouv.fr/services/geolocaliser-les-photographes-habilites</em></a></li>
<li style="text-align: justify;">Photocopie recto-verso de la carte d&rsquo;identité en cours de validité du candidat</li>
<li style="text-align: justify;">Photocopie du livret de famille (candidat mineur)</li>
<li style="text-align: justify;">ASSR2 ou ASR (pour les candidats qui ont moins de 21 ans)</li>
<li style="text-align: justify;">Entre 16 et 17 ans (non révolus): attestation de recensement</li>
<li style="text-align: justify;">Entre 17 et 25 ans: certificat de la participation à la Journée Défense Citoyenneté (J.D.C.)</li>
<li style="text-align: justify;">Photocopie d&rsquo;un justificatif de domicile de moins de 6 mois (facture eau, électricité, téléphone)</li>
<li style="text-align: justify;"><strong><em><span style="background-color: #ccffcc;">Si le justificatif de domicile n&rsquo;est pas à votre nom</span>:</em></strong> attestation d&rsquo;hébergement + photocopie recto-verso de la carte d&rsquo;identité en cours de validité de l&rsquo;hébergeur (au même nom que le justificatif de domicile)</li>
<li style="text-align: justify;">Photocopie du Permis AM (ancien BSR)</li>
</ul>
<p style="text-align: justify;">

<p>Avec plus de 1,5 million de candidats par an, le permis B est le 1er examen de France Il est possible de s&rsquo;inscrire dès l&rsquo;âge de 16 ans et demi. Après avoir réussi l&rsquo;examen du code et effectué au minimum 20 heures de conduite, le candidat pourra être présenté pour&#46;&#46;&#46;</p>
