{"id":206,"date":"2015-06-23T16:22:59","date_gmt":"2015-06-23T14:22:59","guid":{"rendered":"http:\/\/autoecolefred.fr\/?page_id=206"},"modified":"2025-01-27T10:05:58","modified_gmt":"2025-01-27T09:05:58","slug":"perfectionnement","status":"publish","type":"page","link":"http:\/\/autoecolefred.fr\/?page_id=206","title":{"rendered":"Perfectionnement"},"content":{"rendered":"<p>Vous n&rsquo;avez pas conduit depuis longtemps et avez peur de reprendre le volant? Nous vous aidons \u00e0 regagner confiance en vous. Contactez-nous et suite \u00e0 un premier rendez-vous, nous \u00e9tablirons un plan de formation ensemble. Parce que dans nos villages, conduire est synonyme de libert\u00e9 de mouvement, nous vous aiderons \u00e0 retrouver la v\u00f4tre.<\/p>\n<p>Pour de plus amples renseignements contactez nous : 06.21.13.38.00 &#8211; 09.51.19.17.48<\/p>\n","protected":false},"excerpt":{"rendered":"<p>Vous n&rsquo;avez pas conduit depuis longtemps et avez peur de reprendre le volant? Nous vous aidons \u00e0 regagner confiance en vous. Contactez-nous et suite \u00e0 un premier rendez-vous, nous \u00e9tablirons un plan de formation ensemble. Parce que dans nos villages, conduire est synonyme de libert\u00e9 de mouvement, nous vous aiderons&#46;&#46;&#46;<\/p>\n","protected":false},"author":1,"featured_media":0,"parent":0,"menu_order":0,"comment_status":"open","ping_status":"closed","template":"","meta":[],"_links":{"self":[{"href":"http:\/\/autoecolefred.fr\/index.php?rest_route=\/wp\/v2\/pages\/206"}],"collection":[{"href":"http:\/\/autoecolefred.fr\/index.php?rest_route=\/wp\/v2\/pages"}],"about":[{"href":"http:\/\/autoecolefred.fr\/index.php?rest_route=\/wp\/v2\/types\/page"}],"author":[{"embeddable":true,"href":"http:\/\/autoecolefred.fr\/index.php?rest_route=\/wp\/v2\/users\/1"}],"replies":[{"embeddable":true,"href":"http:\/\/autoecolefred.fr\/index.php?rest_route=%2Fwp%2Fv2%2Fcomments&post=206"}],"version-history":[{"count":4,"href":"http:\/\/autoecolefred.fr\/index.php?rest_route=\/wp\/v2\/pages\/206\/revisions"}],"predecessor-version":[{"id":1654,"href":"http:\/\/autoecolefred.fr\/index.php?rest_route=\/wp\/v2\/pages\/206\/revisions\/1654"}],"wp:attachment":[{"href":"http:\/\/autoecolefred.fr\/index.php?rest_route=%2Fwp%2Fv2%2Fmedia&parent=206"}],"curies":[{"name":"wp","href":"https:\/\/api.w.org\/{rel}","templated":true}]}}

<p>Vous n&rsquo;avez pas conduit depuis longtemps et avez peur de reprendre le volant? Nous vous aidons à regagner confiance en vous. Contactez-nous et suite à un premier rendez-vous, nous établirons un plan de formation ensemble. Parce que dans nos villages, conduire est synonyme de liberté de mouvement, nous vous aiderons à retrouver la vôtre.</p>
<p>Pour de plus amples renseignements contactez nous : 06.21.13.38.00 &#8211; 09.51.19.17.48</p>

<p>Vous n&rsquo;avez pas conduit depuis longtemps et avez peur de reprendre le volant? Nous vous aidons à regagner confiance en vous. Contactez-nous et suite à un premier rendez-vous, nous établirons un plan de formation ensemble. Parce que dans nos villages, conduire est synonyme de liberté de mouvement, nous vous aiderons&#46;&#46;&#46;</p>
