{"id":1193,"date":"2022-02-11T11:12:52","date_gmt":"2022-02-11T10:12:52","guid":{"rendered":"http:\/\/autoecolefred.fr\/?page_id=1193"},"modified":"2025-02-11T11:12:34","modified_gmt":"2025-02-11T10:12:34","slug":"labellisation","status":"publish","type":"page","link":"https:\/\/autoecolefred.fr\/?page_id=1193","title":{"rendered":"LABELLISATION"},"content":{"rendered":"\n<p><a href=\"http:\/\/autoecolefred.fr\/wp-content\/uploads\/2024\/02\/1.3-Reglement-interieur.pdf\">1.3 R\u00e8glement int\u00e9rieur<\/a><a href=\"http:\/\/autoecolefred.fr\/wp-content\/uploads\/2022\/02\/1.4-.pdf\">1.4<\/a><a href=\"http:\/\/autoecolefred.fr\/wp-content\/uploads\/2024\/02\/1.6-FORMATION-POST-PERMIS.pdf\">1.6 FORMATION POST-PERMIS<\/a> <a href=\"http:\/\/autoecolefred.fr\/wp-content\/uploads\/2022\/02\/1.7-Valoriser-AAC.pdf\">1.7 Valoriser AAC<\/a><a href=\"http:\/\/autoecolefred.fr\/wp-content\/uploads\/2022\/02\/1.7-Valoriser-CS.pdf\">1.7 Valoriser CS<\/a><a href=\"http:\/\/autoecolefred.fr\/wp-content\/uploads\/2022\/02\/2.2-EVALUATION-DE-DEPART-eval-plus-B.pdf\">2.2 EVALUATION-DE-DEPART-eval-plus-B<\/a><a href=\"http:\/\/autoecolefred.fr\/wp-content\/uploads\/2022\/02\/2.2-handicap.pdf\">2.2 handicap<\/a><a href=\"http:\/\/autoecolefred.fr\/wp-content\/uploads\/2022\/02\/3.1-Parcours-de-formation.pdf\">3.1 Parcours de formation<\/a><a href=\"http:\/\/autoecolefred.fr\/wp-content\/uploads\/2022\/02\/7.4-Plan-de-gestion-des-reclamations.pdf\">7.4 Plan de gestion des r\u00e9clamations<\/a><a href=\"http:\/\/autoecolefred.fr\/wp-content\/uploads\/2024\/02\/financement.pdf\">financement<\/a><\/p>\n\n\n\n<pre class=\"wp-block-code\"><code><\/code><\/pre>\n\n\n\n<p><\/p>\n\n\n\n<p><a href=\"http:\/\/autoecolefred.fr\/wp-content\/uploads\/2025\/02\/1.2-ENJEU-DE-LA-FORMATION.pdf\">1.2 ENJEU DE LA FORMATION<\/a> <a href=\"http:\/\/autoecolefred.fr\/wp-content\/uploads\/2025\/02\/2.3-procede-de-positionnement.pdf\">2.3 proc\u00e9d\u00e9 de positionnement<\/a><\/p>\n","protected":false},"excerpt":{"rendered":"<p>1.3 R\u00e8glement int\u00e9rieur1.41.6 FORMATION POST-PERMIS 1.7 Valoriser AAC1.7 Valoriser CS2.2 EVALUATION-DE-DEPART-eval-plus-B2.2 handicap3.1 Parcours de formation7.4 Plan de gestion des r\u00e9clamationsfinancement 1.2 ENJEU DE LA FORMATION 2.3 proc\u00e9d\u00e9 de positionnement<\/p>\n","protected":false},"author":1,"featured_media":0,"parent":0,"menu_order":0,"comment_status":"closed","ping_status":"closed","template":"","meta":[],"_links":{"self":[{"href":"https:\/\/autoecolefred.fr\/index.php?rest_route=\/wp\/v2\/pages\/1193"}],"collection":[{"href":"https:\/\/autoecolefred.fr\/index.php?rest_route=\/wp\/v2\/pages"}],"about":[{"href":"https:\/\/autoecolefred.fr\/index.php?rest_route=\/wp\/v2\/types\/page"}],"author":[{"embeddable":true,"href":"https:\/\/autoecolefred.fr\/index.php?rest_route=\/wp\/v2\/users\/1"}],"replies":[{"embeddable":true,"href":"https:\/\/autoecolefred.fr\/index.php?rest_route=%2Fwp%2Fv2%2Fcomments&post=1193"}],"version-history":[{"count":8,"href":"https:\/\/autoecolefred.fr\/index.php?rest_route=\/wp\/v2\/pages\/1193\/revisions"}],"predecessor-version":[{"id":1671,"href":"https:\/\/autoecolefred.fr\/index.php?rest_route=\/wp\/v2\/pages\/1193\/revisions\/1671"}],"wp:attachment":[{"href":"https:\/\/autoecolefred.fr\/index.php?rest_route=%2Fwp%2Fv2%2Fmedia&parent=1193"}],"curies":[{"name":"wp","href":"https:\/\/api.w.org\/{rel}","templated":true}]}}

<p><a href="http://autoecolefred.fr/wp-content/uploads/2024/02/1.3-Reglement-interieur.pdf">1.3 Règlement intérieur</a><a href="http://autoecolefred.fr/wp-content/uploads/2022/02/1.4-.pdf">1.4</a><a href="http://autoecolefred.fr/wp-content/uploads/2024/02/1.6-FORMATION-POST-PERMIS.pdf">1.6 FORMATION POST-PERMIS</a> <a href="http://autoecolefred.fr/wp-content/uploads/2022/02/1.7-Valoriser-AAC.pdf">1.7 Valoriser AAC</a><a href="http://autoecolefred.fr/wp-content/uploads/2022/02/1.7-Valoriser-CS.pdf">1.7 Valoriser CS</a><a href="http://autoecolefred.fr/wp-content/uploads/2022/02/2.2-EVALUATION-DE-DEPART-eval-plus-B.pdf">2.2 EVALUATION-DE-DEPART-eval-plus-B</a><a href="http://autoecolefred.fr/wp-content/uploads/2022/02/2.2-handicap.pdf">2.2 handicap</a><a href="http://autoecolefred.fr/wp-content/uploads/2022/02/3.1-Parcours-de-formation.pdf">3.1 Parcours de formation</a><a href="http://autoecolefred.fr/wp-content/uploads/2022/02/7.4-Plan-de-gestion-des-reclamations.pdf">7.4 Plan de gestion des réclamations</a><a href="http://autoecolefred.fr/wp-content/uploads/2024/02/financement.pdf">financement</a></p>



<pre class="wp-block-code"><code></code></pre>



<p></p>



<p><a href="http://autoecolefred.fr/wp-content/uploads/2025/02/1.2-ENJEU-DE-LA-FORMATION.pdf">1.2 ENJEU DE LA FORMATION</a> <a href="http://autoecolefred.fr/wp-content/uploads/2025/02/2.3-procede-de-positionnement.pdf">2.3 procédé de positionnement</a></p>

<p>1.3 Règlement intérieur1.41.6 FORMATION POST-PERMIS 1.7 Valoriser AAC1.7 Valoriser CS2.2 EVALUATION-DE-DEPART-eval-plus-B2.2 handicap3.1 Parcours de formation7.4 Plan de gestion des réclamationsfinancement 1.2 ENJEU DE LA FORMATION 2.3 procédé de positionnement</p>
